{"id":110,"date":"2018-05-07T17:33:14","date_gmt":"2018-05-07T15:33:14","guid":{"rendered":"http:\/\/s741491327.online.de\/?page_id=110"},"modified":"2018-06-28T14:27:53","modified_gmt":"2018-06-28T12:27:53","slug":"aktivitaeten","status":"publish","type":"page","link":"http:\/\/www.aleppofreunde.de\/?page_id=110&lang=de","title":{"rendered":"Aktivit\u00e4ten"},"content":{"rendered":"<\/div><\/div><\/div><!-- close content main div --><\/div><\/div><div id='full_slider_1' class='avia-fullwidth-slider main_color avia-shadow   container_wrap sidebar_right' style=' '   style=' ' ><div  data-size='no scaling'  data-lightbox_size='large'  data-animation='fade'  data-conditional_play=''  data-ids='344'  data-video_counter='0'  data-autoplay='false'  data-bg_slider='false'  data-slide_height=''  data-handle='av_slideshow_full'  data-interval='5'  data-class=' '  data-css_id=''  data-scroll_down=''  data-control_layout='av-control-default'  data-custom_markup=''  data-perma_caption=''  data-autoplay_stopper=''  data-image_attachment=''  data-min_height='0px'  data-src=''  data-position='top left'  data-repeat='no-repeat'  data-attach='scroll'  data-stretch=''  class='avia-slideshow avia-slideshow-1  av-control-default av-default-height-applied avia-slideshow-no scaling av_slideshow_full   avia-fade-slider '  itemprop=\"ImageObject\" itemscope=\"itemscope\" itemtype=\"https:\/\/schema.org\/ImageObject\" ><ul class='avia-slideshow-inner ' style='padding-bottom: 25.022026431718%;' ><li  class=' av-single-slide slide-1 ' ><div data-rel='slideshow-1' class='avia-slide-wrap '   ><img src='http:\/\/www.aleppofreunde.de\/wp-content\/uploads\/2018\/05\/EGGD3426.jpg' width='2270' height='568' title='EGGD3426' alt=''  itemprop=\"thumbnailUrl\"   \/><\/div><\/li><\/ul><\/div><\/div>\n<div class='flex_column_table av-equal-height-column-flextable -flextable' style='margin-top:0px; margin-bottom:30px; '><div class=\"flex_column av_one_fifth  flex_column_table_cell av-equal-height-column av-align-top av-zero-column-padding first  \" style='border-radius:0px; '><\/div><\/div><!--close column table wrapper. Autoclose: 1 -->\n<div class='flex_column_table av-equal-height-column-flextable -flextable' style='margin-top:0px; margin-bottom:30px; '><div class='av-flex-placeholder'><\/div><div class=\"flex_column av_four_fifth  flex_column_table_cell av-equal-height-column av-align-top av-zero-column-padding   \" style='border-radius:0px; '><div class='avia-image-container  av-styling-    avia-align-left '  itemprop=\"ImageObject\" itemscope=\"itemscope\" itemtype=\"https:\/\/schema.org\/ImageObject\"  ><div class='avia-image-container-inner'><div class='avia-image-overlay-wrap'><img class='avia_image' src='http:\/\/www.aleppofreunde.de\/wp-content\/uploads\/2018\/05\/logo_ra_gr.gif' alt='' title='logo_ra_gr' height=\"68\" width=\"285\"  itemprop=\"thumbnailUrl\"  \/><\/div><\/div><\/div><\/div><\/div><!--close column table wrapper. Autoclose: 1 -->\n<div class=\"flex_column av_one_fifth  flex_column_div av-zero-column-padding first  \" style='border-radius:0px; '><div class='avia-builder-widget-area clearfix '><div id=\"nav_menu-2\" class=\"widget clearfix widget_nav_menu\"><div class=\"menu-rebuild_dt-container\"><ul id=\"menu-rebuild_dt\" class=\"menu\"><li id=\"menu-item-115\" class=\"menu-item menu-item-type-post_type menu-item-object-page menu-item-115\"><a href=\"http:\/\/www.aleppofreunde.de\/?page_id=104&#038;lang=de\">Arbeitsgruppe<\/a><\/li>\n<li id=\"menu-item-114\" class=\"menu-item menu-item-type-post_type menu-item-object-page menu-item-114\"><a href=\"http:\/\/www.aleppofreunde.de\/?page_id=106&#038;lang=de\">Motivation<\/a><\/li>\n<li id=\"menu-item-113\" class=\"menu-item menu-item-type-post_type menu-item-object-page menu-item-113\"><a href=\"http:\/\/www.aleppofreunde.de\/?page_id=108&#038;lang=de\">Spenden<\/a><\/li>\n<li id=\"menu-item-112\" class=\"menu-item menu-item-type-post_type menu-item-object-page menu-item-112\"><a href=\"http:\/\/www.aleppofreunde.de\/?page_id=110&#038;lang=de\">Aktivit\u00e4ten<\/a><\/li>\n<\/ul><\/div><\/div><\/div><\/div>\n<div class=\"flex_column av_two_fifth  flex_column_div av-zero-column-padding   \" style='border-radius:0px; '><section class=\"av_textblock_section \"  itemscope=\"itemscope\" itemtype=\"https:\/\/schema.org\/CreativeWork\" ><div class='avia_textblock  '   itemprop=\"text\" ><h3>Kurzfristige Aktivit\u00e4ten<\/h3>\n<p>Initiierung von Workshops in Deutschland, um die f\u00fcr Aleppo nach Kriegsende bevorstehenden Herausforderungen zu definieren, L\u00f6sungsans\u00e4tze antizipierend zu generieren und das allgemeine Bewusstsein f\u00fcr die Wichtigkeit der kulturellen, wirtschaftlichen und baulichen Identit\u00e4t, insbesondere f\u00fcr eine Nachkriegssituation zu sch\u00e4rfen. Daher sollen erste Ideen sowohl im rechtlichen, technisch-operativen als auch im sozio\u00f6konomischen Bereich skizzenhaft angerissen werden; diese m\u00fcssen einerseits auf ihre Brauchbarkeit \u00fcberpr\u00fcft und andererseits mit den Vor-Ort-Initiativen und den verantwortlichen Stellen in Syrien sowie in Aleppo diskutiert und weiterentwickelt werden.<\/p>\n<\/div><\/section><\/div>\n<div class=\"flex_column av_two_fifth  flex_column_div av-zero-column-padding   \" style='border-radius:0px; '><section class=\"av_textblock_section \"  itemscope=\"itemscope\" itemtype=\"https:\/\/schema.org\/CreativeWork\" ><div class='avia_textblock  '   itemprop=\"text\" ><h3>Mittelfristige Aktivit\u00e4ten<\/h3>\n<p>Ausbildung syrischer Fl\u00fcchtlinge in handwerklichen Berufen wie Steinmetz, Holzarbeit, Elektro- und Installationstechnik, damit ihr Fachwissen zum Wiederaufbau von Aleppo eingesetzt werden kann.<\/p>\n<p>Auf den vor der Stadtmauer liegenden Freifl\u00e4chen von Aleppo sollen tempor\u00e4re Bauten f\u00fcr die R\u00fcckkehrer gebaut werden. Die H\u00e4user sollen in Zusammenarbeit mit ehemaligen Altstadt-Bewohnern schnell, mit einfachem Material und unb\u00fcrokratisch errichtet werden. Ziel dieser Ma\u00dfnahme ist, den Bewohnern die M\u00f6glichkeit zu geben, den Wiederaufbau aktiv mitzuerleben und mitzugestalten und somit ihre Identit\u00e4t mit der Altstadt wiederherzustellen. Die tempor\u00e4ren Bauten sollen nach dem Wiederaufbau entsorgt werden.<\/p>\n<\/div><\/section><\/div>\n","protected":false},"excerpt":{"rendered":"","protected":false},"author":1,"featured_media":0,"parent":33,"menu_order":0,"comment_status":"closed","ping_status":"closed","template":"","meta":{"footnotes":""},"class_list":["post-110","page","type-page","status-publish","hentry"],"_links":{"self":[{"href":"http:\/\/www.aleppofreunde.de\/index.php?rest_route=\/wp\/v2\/pages\/110","targetHints":{"allow":["GET"]}}],"collection":[{"href":"http:\/\/www.aleppofreunde.de\/index.php?rest_route=\/wp\/v2\/pages"}],"about":[{"href":"http:\/\/www.aleppofreunde.de\/index.php?rest_route=\/wp\/v2\/types\/page"}],"author":[{"embeddable":true,"href":"http:\/\/www.aleppofreunde.de\/index.php?rest_route=\/wp\/v2\/users\/1"}],"replies":[{"embeddable":true,"href":"http:\/\/www.aleppofreunde.de\/index.php?rest_route=%2Fwp%2Fv2%2Fcomments&post=110"}],"version-history":[{"count":9,"href":"http:\/\/www.aleppofreunde.de\/index.php?rest_route=\/wp\/v2\/pages\/110\/revisions"}],"predecessor-version":[{"id":818,"href":"http:\/\/www.aleppofreunde.de\/index.php?rest_route=\/wp\/v2\/pages\/110\/revisions\/818"}],"up":[{"embeddable":true,"href":"http:\/\/www.aleppofreunde.de\/index.php?rest_route=\/wp\/v2\/pages\/33"}],"wp:attachment":[{"href":"http:\/\/www.aleppofreunde.de\/index.php?rest_route=%2Fwp%2Fv2%2Fmedia&parent=110"}],"curies":[{"name":"wp","href":"https:\/\/api.w.org\/{rel}","templated":true}]}}