{"id":13,"date":"2018-04-25T17:13:00","date_gmt":"2018-04-25T15:13:00","guid":{"rendered":"http:\/\/s741491327.online.de\/?page_id=13"},"modified":"2020-03-29T15:35:54","modified_gmt":"2020-03-29T13:35:54","slug":"ueber-uns","status":"publish","type":"page","link":"http:\/\/www.aleppofreunde.de\/?page_id=13&lang=de","title":{"rendered":"\u00dcber uns"},"content":{"rendered":"<\/div><\/div><\/div><!-- close content main div --><\/div><\/div><div id='full_slider_1' class='avia-fullwidth-slider main_color avia-shadow   container_wrap sidebar_right' style=' '   style=' ' ><div  data-size='no scaling'  data-lightbox_size='large'  data-animation='slide'  data-conditional_play=''  data-ids='313'  data-video_counter='0'  data-autoplay='false'  data-bg_slider='false'  data-slide_height=''  data-handle='av_slideshow_full'  data-interval='5'  data-class=' '  data-css_id=''  data-scroll_down=''  data-control_layout='av-control-default'  data-custom_markup=''  data-perma_caption=''  data-autoplay_stopper=''  data-image_attachment=''  data-min_height='0px'  data-src=''  data-position='top left'  data-repeat='no-repeat'  data-attach='scroll'  data-stretch=''  class='avia-slideshow avia-slideshow-1  av-control-default av-default-height-applied avia-slideshow-no scaling av_slideshow_full   avia-slide-slider '  itemprop=\"ImageObject\" itemscope=\"itemscope\" itemtype=\"https:\/\/schema.org\/ImageObject\" ><ul class='avia-slideshow-inner ' style='padding-bottom: 25%;' ><li  class=' av-single-slide slide-1 ' ><div data-rel='slideshow-1' class='avia-slide-wrap '   ><img src='http:\/\/www.aleppofreunde.de\/wp-content\/uploads\/2018\/05\/Pano_Aleppo_2000_MINARET5.SRC_.jpg' width='1500' height='375' title='Pano_Aleppo_2000_MINARET5.SRC' alt=''  itemprop=\"thumbnailUrl\"   \/><\/div><\/li><\/ul><\/div><\/div>\n<div class=\"flex_column av_one_fifth  flex_column_div av-zero-column-padding first  \" style='border-radius:0px; '><\/div>\n<div class=\"flex_column av_four_fifth  flex_column_div av-zero-column-padding   \" style='border-radius:0px; '><div style='padding-bottom:40px; font-size:32px;' class='av-special-heading av-special-heading-h3  blockquote modern-quote  av-inherit-size '><h3 class='av-special-heading-tag '  itemprop=\"headline\"  >Der Verein und seine Aktivit\u00e4ten<\/h3><div class='special-heading-border'><div class='special-heading-inner-border' ><\/div><\/div><\/div><\/div>\n<div class=\"flex_column av_one_fifth  flex_column_div av-zero-column-padding first  \" style='border-radius:0px; '><div class='avia-builder-widget-area clearfix '><div id=\"nav_menu-5\" class=\"widget clearfix widget_nav_menu\"><div class=\"menu-submenu-ueber-uns-container\"><ul id=\"menu-submenu-ueber-uns\" class=\"menu\"><li id=\"menu-item-426\" class=\"menu-item menu-item-type-post_type menu-item-object-page menu-item-426\"><a href=\"http:\/\/www.aleppofreunde.de\/?page_id=13&#038;lang=de\">\u00dcber uns<\/a><\/li>\n<li id=\"menu-item-435\" class=\"menu-item menu-item-type-post_type menu-item-object-page menu-item-435\"><a href=\"http:\/\/www.aleppofreunde.de\/?page_id=430&#038;lang=de\">Vorstand<\/a><\/li>\n<li id=\"menu-item-1690\" class=\"menu-item menu-item-type-post_type menu-item-object-page menu-item-1690\"><a href=\"http:\/\/www.aleppofreunde.de\/?page_id=1576&#038;lang=de\">Satzung<\/a><\/li>\n<\/ul><\/div><\/div><\/div><\/div>\n<div class=\"flex_column av_two_fifth  flex_column_div av-zero-column-padding   \" style='border-radius:0px; '><section class=\"av_textblock_section \"  itemscope=\"itemscope\" itemtype=\"https:\/\/schema.org\/CreativeWork\" ><div class='avia_textblock  '   itemprop=\"text\" ><p>Die Altstadt von Aleppo z\u00e4hlt mit ihrer 5000-j\u00e4hrigen Geschichte zu einer der \u00e4ltesten Handelsst\u00e4dte des Nahen Ostens. Der Verein engagiert sich seit 1990 verschiedenartig in Aleppo und f\u00fcr Aleppo.<\/p>\n<h4>Engagement seit 2011<\/h4>\n<p>Durch die schweren Kampfhandlungen in Syrien, und seit Mitte 2012 vor allem in Aleppo, findet eine unaufhaltsame Zerst\u00f6rung der historischen Altstadt mit ihren traditionellen Wohnvierteln statt. Die Zahl der Toten, Verletzten und Fl\u00fcchtlinge ist gro\u00df und steigt von Tag zu Tag. Gerade in den engen Altstadtquartieren wird unerbittlich gek\u00e4mpft und dabei werden viele der Wohngeb\u00e4ude zerst\u00f6rt. Eine der dringendsten Aufgaben ist daher, die sofortige humanit\u00e4re Hilfe \u2013 daneben aber auch, sowohl kurzfristig, wie auch langfristig, den Menschen ein Dach \u00fcber dem Kopf zu geben. F\u00fcr die Zukunft der Altstadt Aleppos und ihrer Bewohner soll das Ziel, zerst\u00f6rte oder gef\u00e4hrdete Geb\u00e4ude wieder aufzubauen, nicht aufgegeben werden, sondern es sollen M\u00f6glichkeiten gefunden werden, Familien mit geringem Einkommen wieder finanziell zu unterst\u00fctzen, damit diese ihre H\u00e4user wieder aufbauen k\u00f6nnen.<\/p>\n<p>Der Verein engagiert sich daher in diesen Bereichen:<\/p>\n<h4>Seit 2015 \u2013 Malwerkstatt mit Gefl\u00fcchtetenkindern<\/h4>\n<p>Als Teil der Unterst\u00fctzung vor Ort in Deutschland engagiert sich der Verein seit 2015 mit einer Malwerkstatt f\u00fcr die Kinder in einer Stuttgarter Fl\u00fcchtlingsunterkunft.<\/p>\n<h4>Das Aleppo Archiv im Exil<\/h4>\n<p>Im Jahr 2011 hat der Verein beschlossen, die Dokumentationsaktivit\u00e4ten fortzusetzen und die in der Ausstellung des Aleppo Archivs gezeigten Dokumente in erweiterter Form als Publikation zusammenzufassen und deren Druckkosten zu \u00fcbernehmen. Gerade nach Ausbruch der schweren Kampfhandlungen in Syrien soll die Dokumentation dazu ermutigen, sich f\u00fcr die Erhaltung der geschriebenen und gezeichneten urbanen Geschichte als Teil des kulturellen Erbes einzusetzen und auch die Dokumentation trotz der Zerst\u00f6rung als Grundlage f\u00fcr den Wiederaufbau fortzusetzen.<\/p>\n<h4>Wiederaufbau von Aleppo<\/h4>\n<p>Mitglieder des Vereins beteiligen sich seit Beginn des Konflikts in Syrien in Wissenschafts- und Expertenrunden zum Thema Wiederaufbau. 2015 ist daraus die Arbeitsgruppe Rebuilding Aleppo* hervorgegangen.<\/p>\n<h4>Humanit\u00e4re Unterst\u00fctzung<\/h4>\n<p>Soweit es m\u00f6glich ist, sammelt der Verein Spenden f\u00fcr medizinische Versorgung in Aleppo.<\/p>\n<h4>Gesellschaftliches und kulturelles Engagement<\/h4>\n<p>Da eine Unterst\u00fctzung vor Ort im Moment kaum m\u00f6glich ist, m\u00f6chte der Verein dazu beitragen, in Deutschland das Bewusstsein f\u00fcr die kriegerischen Auseinandersetzungen und das damit verbundene Leid der dort lebenden Bev\u00f6lkerung zu sch\u00e4rfen, \u00f6ffentlich zu machen und auf die Zerst\u00f6rung der Stadtkultur hinzuweisen.<\/p>\n<\/div><\/section><\/div>\n<div class=\"flex_column av_two_fifth  flex_column_div av-zero-column-padding   \" style='border-radius:0px; '><section class=\"av_textblock_section \"  itemscope=\"itemscope\" itemtype=\"https:\/\/schema.org\/CreativeWork\" ><div class='avia_textblock  '   itemprop=\"text\" ><h4>Vortr\u00e4ge, Diskussionsrunden und Ausstellungen<\/h4>\n<p>Mit der Zerst\u00f6rung der traditionellen Wohnviertel und der parallel stattfindenden Zerst\u00f6rung der st\u00e4dtischen Gemeinschaft durch Hass und Misstrauen, ist eine Stadtkultur bedroht, die nicht nur die historischen Monumente umfasst, sondern auch die Sprache, die Musik, die Lebensweise der Bewohner und das Zusammenleben unterschiedlicher Ethnien und Religionsgruppen in den dichten Stadtquartieren. Dieses einzigartige kulturelle Erbe ist in gr\u00f6\u00dfter Gefahr. Der Verein der Freunde der Altstadt von Aleppo setzt sich daher gerade auch f\u00fcr die Bewahrung des kulturellen Erbes der Altstadt von Aleppo ein.<\/p>\n<h4>2008\u20132011 Das Aleppo Archiv<\/h4>\n<p>Im Rahmen der syrisch-deutschen Kooperation hat sich der Verein seit 2008 f\u00fcr den Aufbau eines Stadtarchivs im Zentrum der Altstadt eingesetzt, um das Bewusstsein der Bewohner f\u00fcr den kulturellen Wert ihrer Stadt zu st\u00e4rken. Mit einer im Dezember 2010 in Aleppo gezeigten, und vom Verein finanzierten, Ausstellung wurden die Aufgaben und Inhalte des Archivs einer breiteren lokalen, nationalen wie internationalen \u00d6ffentlichkeit bekannt gemacht.<\/p>\n<h4>1990\u20132011 Ein Rehabilitationsfond f\u00fcr die Altstadt<\/h4>\n<p>Die Altstadt von Aleppo z\u00e4hlt mit ihrer 5000-j\u00e4hrigen Geschichte zu einer der \u00e4ltesten Handelsst\u00e4dte des Nahen Ostens. \u00dcber 16.000 Einzelgeb\u00e4ude, meist introvertierte Hofh\u00e4user, f\u00fcgen sich zu den von Sackgassen erschlossenen charakteristischen Quartierstrukturen. Diese historische Altstadt, im Zentrum einer Zwei-Millionen-Metropole, ist mit ihren 360 ha und 100.000 Einwohnern in den letzten Jahrzehnten von gro\u00dfen sozialen und \u00f6konomischen Ver\u00e4nderungen betroffen. Ein Gro\u00dfteil der traditionellen Wohnquartiere ist zum Wohnstandort der armen Bev\u00f6lkerungsschichten geworden. Hier hat der Verein, der 1990 im Linden-Museum Stuttgart gegr\u00fcndet wurde, im Rahmen der syrisch-deutschen Kooperation, dazu beigetragen, menschenw\u00fcrdige Wohnungen in der Altstadt zu erhalten. Die seit Bestehen des Vereins gew\u00e4hrte finanzielle Unterst\u00fctzung erm\u00f6glichte es zahlreichen Bewohnern, zumindest die wichtigsten Reparatur- und Instandhaltungsarbeiten an ihren Wohnh\u00e4usern vorzunehmen. Ziel war es, gemeinsam mit der Stadt Aleppo, der GIZ (Gesellschaft f\u00fcr Internationale Zusammenarbeit) und mit Beitr\u00e4gen vom Verein der Freunde der Altstadt von Aleppo durch finanzielle Unterst\u00fctzung der Familien mit geringem Einkommen, die soziale Segregation zu mindern. Mehr als tausend Wohnungen wurden bis zum Fr\u00fchjahr 2011 instand gesetzt.<\/p>\n<p>Das Interesse und die Anteilnahme am Schicksal der Altstadt von Aleppo ist gro\u00df, der Verein gewinnt immer mehr Mitglieder und so w\u00fcrden wir uns freuen, wenn auch Sie dazu geh\u00f6ren. <a href=\"http:\/\/www.aleppofreunde.de\/wp-content\/uploads\/2020\/03\/200329-FALP-Flyer-2020.pdf\" target=\"_blank\" rel=\"noopener\">Schauen Sie sich auch unseren Flyer 2020 an!<\/a><\/p>\n<p>PDFs:<br \/>\n&gt;&gt; <a href=\"http:\/\/www.aleppofreunde.de\/wp-content\/uploads\/2019\/03\/Satzung-kleine-L\u00f6sung_2019.pdf\" target=\"_blank\" rel=\"noopener\">Vereinssatzung (30.01.2019)<\/a><br \/>\n&gt;&gt; Einladung Mitgliederversammlung <a href=\"http:\/\/www.aleppofreunde.de\/wp-content\/uploads\/2018\/07\/mitgliederversammlung_2017.pdf\">2017<\/a>, 2018, <a href=\"http:\/\/www.aleppofreunde.de\/wp-content\/uploads\/2019\/03\/Einladung-zu-Mitgl-Jan-2019.pdf\" target=\"_blank\" rel=\"noopener\">2019<\/a>, <a href=\"http:\/\/www.aleppofreunde.de\/wp-content\/uploads\/2020\/03\/Einladung_Aleppofreunde-03Feb2020.pdf\" target=\"_blank\" rel=\"noopener\">2020<\/a><br \/>\n&gt;&gt; Protokoll <a href=\"http:\/\/www.aleppofreunde.de\/wp-content\/uploads\/2018\/07\/taetigkeitsbericht_2016.pdf\">2016<\/a>, 2017, <a href=\"http:\/\/www.aleppofreunde.de\/wp-content\/uploads\/2019\/03\/Protokoll-Mitgliederversammlung-VdAvA-31.01.18.pdf\" target=\"_blank\" rel=\"noopener\">2018<\/a>, <a href=\"http:\/\/www.aleppofreunde.de\/wp-content\/uploads\/2019\/03\/Protokoll-Mitgliederversammlung-VdAvA-30.01.19_Edit_FL.pdf\" target=\"_blank\" rel=\"noopener\">2019<\/a>, <a href=\"http:\/\/www.aleppofreunde.de\/wp-content\/uploads\/2020\/03\/Protokoll-Mitglvers-Aleppo-Verein-2019.pdf\" target=\"_blank\" rel=\"noopener\">2020<\/a><br \/>\n&gt;&gt; Bericht des Vorstands <a href=\"http:\/\/www.aleppofreunde.de\/wp-content\/uploads\/2018\/07\/bericht_vorstand_2017.pdf\">2017<\/a>, 2018, <a href=\"http:\/\/www.aleppofreunde.de\/wp-content\/uploads\/2020\/03\/2019-01-23-Jahresbericht-2018-mit-Fotografien.pdf\" target=\"_blank\" rel=\"noopener\">2019<\/a>, <a href=\"http:\/\/www.aleppofreunde.de\/wp-content\/uploads\/2020\/03\/x2020-02-03-Jahresbericht-2019-mit-Fotografien_02Feb20.pdf\" target=\"_blank\" rel=\"noopener\">2020<\/a><br \/>\n&gt;&gt; Rundbrief <a href=\"http:\/\/www.aleppofreunde.de\/wp-content\/uploads\/2019\/03\/Aleppo-Zwischenbericth-Marz-1.2016-.pdf\" target=\"_blank\" rel=\"noopener\">2016<\/a><\/p>\n<\/div><\/section><\/div>\n","protected":false},"excerpt":{"rendered":"","protected":false},"author":1,"featured_media":0,"parent":0,"menu_order":0,"comment_status":"closed","ping_status":"closed","template":"","meta":{"footnotes":""},"class_list":["post-13","page","type-page","status-publish","hentry"],"_links":{"self":[{"href":"http:\/\/www.aleppofreunde.de\/index.php?rest_route=\/wp\/v2\/pages\/13","targetHints":{"allow":["GET"]}}],"collection":[{"href":"http:\/\/www.aleppofreunde.de\/index.php?rest_route=\/wp\/v2\/pages"}],"about":[{"href":"http:\/\/www.aleppofreunde.de\/index.php?rest_route=\/wp\/v2\/types\/page"}],"author":[{"embeddable":true,"href":"http:\/\/www.aleppofreunde.de\/index.php?rest_route=\/wp\/v2\/users\/1"}],"replies":[{"embeddable":true,"href":"http:\/\/www.aleppofreunde.de\/index.php?rest_route=%2Fwp%2Fv2%2Fcomments&post=13"}],"version-history":[{"count":29,"href":"http:\/\/www.aleppofreunde.de\/index.php?rest_route=\/wp\/v2\/pages\/13\/revisions"}],"predecessor-version":[{"id":1693,"href":"http:\/\/www.aleppofreunde.de\/index.php?rest_route=\/wp\/v2\/pages\/13\/revisions\/1693"}],"wp:attachment":[{"href":"http:\/\/www.aleppofreunde.de\/index.php?rest_route=%2Fwp%2Fv2%2Fmedia&parent=13"}],"curies":[{"name":"wp","href":"https:\/\/api.w.org\/{rel}","templated":true}]}}

Über uns

</div></div></div><!-- close content main div --></div></div><div id='full_slider_1' class='avia-fullwidth-slider main_color avia-shadow   container_wrap sidebar_right' style=' '   style=' ' ><div  data-size='no scaling'  data-lightbox_size='large'  data-animation='slide'  data-conditional_play=''  data-ids='313'  data-video_counter='0'  data-autoplay='false'  data-bg_slider='false'  data-slide_height=''  data-handle='av_slideshow_full'  data-interval='5'  data-class=' '  data-css_id=''  data-scroll_down=''  data-control_layout='av-control-default'  data-custom_markup=''  data-perma_caption=''  data-autoplay_stopper=''  data-image_attachment=''  data-min_height='0px'  data-src=''  data-position='top left'  data-repeat='no-repeat'  data-attach='scroll'  data-stretch=''  class='avia-slideshow avia-slideshow-1  av-control-default av-default-height-applied avia-slideshow-no scaling av_slideshow_full   avia-slide-slider '  itemprop="ImageObject" itemscope="itemscope" itemtype="https://schema.org/ImageObject" ><ul class='avia-slideshow-inner ' style='padding-bottom: 25%;' ><li  class=' av-single-slide slide-1 ' ><div data-rel='slideshow-1' class='avia-slide-wrap '   ><img src='http://www.aleppofreunde.de/wp-content/uploads/2018/05/Pano_Aleppo_2000_MINARET5.SRC_.jpg' width='1500' height='375' title='Pano_Aleppo_2000_MINARET5.SRC' alt=''  itemprop="thumbnailUrl"   /></div></li></ul></div></div>
<div class="flex_column av_one_fifth  flex_column_div av-zero-column-padding first  " style='border-radius:0px; '></div>
<div class="flex_column av_four_fifth  flex_column_div av-zero-column-padding   " style='border-radius:0px; '><div style='padding-bottom:40px; font-size:32px;' class='av-special-heading av-special-heading-h3  blockquote modern-quote  av-inherit-size '><h3 class='av-special-heading-tag '  itemprop="headline"  >Der Verein und seine Aktivitäten</h3><div class='special-heading-border'><div class='special-heading-inner-border' ></div></div></div></div>
<div class="flex_column av_one_fifth  flex_column_div av-zero-column-padding first  " style='border-radius:0px; '><div class='avia-builder-widget-area clearfix '><div id="nav_menu-5" class="widget clearfix widget_nav_menu"><div class="menu-submenu-ueber-uns-container"><ul id="menu-submenu-ueber-uns" class="menu"><li id="menu-item-426" class="menu-item menu-item-type-post_type menu-item-object-page menu-item-426"><a href="http://www.aleppofreunde.de/?page_id=13&#038;lang=de">Über uns</a></li>
<li id="menu-item-435" class="menu-item menu-item-type-post_type menu-item-object-page menu-item-435"><a href="http://www.aleppofreunde.de/?page_id=430&#038;lang=de">Vorstand</a></li>
<li id="menu-item-1690" class="menu-item menu-item-type-post_type menu-item-object-page menu-item-1690"><a href="http://www.aleppofreunde.de/?page_id=1576&#038;lang=de">Satzung</a></li>
</ul></div></div></div></div>
<div class="flex_column av_two_fifth  flex_column_div av-zero-column-padding   " style='border-radius:0px; '><section class="av_textblock_section "  itemscope="itemscope" itemtype="https://schema.org/CreativeWork" ><div class='avia_textblock  '   itemprop="text" ><p>Die Altstadt von Aleppo zählt mit ihrer 5000-jährigen Geschichte zu einer der ältesten Handelsstädte des Nahen Ostens. Der Verein engagiert sich seit 1990 verschiedenartig in Aleppo und für Aleppo.</p>
<h4>Engagement seit 2011</h4>
<p>Durch die schweren Kampfhandlungen in Syrien, und seit Mitte 2012 vor allem in Aleppo, findet eine unaufhaltsame Zerstörung der historischen Altstadt mit ihren traditionellen Wohnvierteln statt. Die Zahl der Toten, Verletzten und Flüchtlinge ist groß und steigt von Tag zu Tag. Gerade in den engen Altstadtquartieren wird unerbittlich gekämpft und dabei werden viele der Wohngebäude zerstört. Eine der dringendsten Aufgaben ist daher, die sofortige humanitäre Hilfe – daneben aber auch, sowohl kurzfristig, wie auch langfristig, den Menschen ein Dach über dem Kopf zu geben. Für die Zukunft der Altstadt Aleppos und ihrer Bewohner soll das Ziel, zerstörte oder gefährdete Gebäude wieder aufzubauen, nicht aufgegeben werden, sondern es sollen Möglichkeiten gefunden werden, Familien mit geringem Einkommen wieder finanziell zu unterstützen, damit diese ihre Häuser wieder aufbauen können.</p>
<p>Der Verein engagiert sich daher in diesen Bereichen:</p>
<h4>Seit 2015 – Malwerkstatt mit Geflüchtetenkindern</h4>
<p>Als Teil der Unterstützung vor Ort in Deutschland engagiert sich der Verein seit 2015 mit einer Malwerkstatt für die Kinder in einer Stuttgarter Flüchtlingsunterkunft.</p>
<h4>Das Aleppo Archiv im Exil</h4>
<p>Im Jahr 2011 hat der Verein beschlossen, die Dokumentationsaktivitäten fortzusetzen und die in der Ausstellung des Aleppo Archivs gezeigten Dokumente in erweiterter Form als Publikation zusammenzufassen und deren Druckkosten zu übernehmen. Gerade nach Ausbruch der schweren Kampfhandlungen in Syrien soll die Dokumentation dazu ermutigen, sich für die Erhaltung der geschriebenen und gezeichneten urbanen Geschichte als Teil des kulturellen Erbes einzusetzen und auch die Dokumentation trotz der Zerstörung als Grundlage für den Wiederaufbau fortzusetzen.</p>
<h4>Wiederaufbau von Aleppo</h4>
<p>Mitglieder des Vereins beteiligen sich seit Beginn des Konflikts in Syrien in Wissenschafts- und Expertenrunden zum Thema Wiederaufbau. 2015 ist daraus die Arbeitsgruppe Rebuilding Aleppo* hervorgegangen.</p>
<h4>Humanitäre Unterstützung</h4>
<p>Soweit es möglich ist, sammelt der Verein Spenden für medizinische Versorgung in Aleppo.</p>
<h4>Gesellschaftliches und kulturelles Engagement</h4>
<p>Da eine Unterstützung vor Ort im Moment kaum möglich ist, möchte der Verein dazu beitragen, in Deutschland das Bewusstsein für die kriegerischen Auseinandersetzungen und das damit verbundene Leid der dort lebenden Bevölkerung zu schärfen, öffentlich zu machen und auf die Zerstörung der Stadtkultur hinzuweisen.</p>
</div></section></div>
<div class="flex_column av_two_fifth  flex_column_div av-zero-column-padding   " style='border-radius:0px; '><section class="av_textblock_section "  itemscope="itemscope" itemtype="https://schema.org/CreativeWork" ><div class='avia_textblock  '   itemprop="text" ><h4>Vorträge, Diskussionsrunden und Ausstellungen</h4>
<p>Mit der Zerstörung der traditionellen Wohnviertel und der parallel stattfindenden Zerstörung der städtischen Gemeinschaft durch Hass und Misstrauen, ist eine Stadtkultur bedroht, die nicht nur die historischen Monumente umfasst, sondern auch die Sprache, die Musik, die Lebensweise der Bewohner und das Zusammenleben unterschiedlicher Ethnien und Religionsgruppen in den dichten Stadtquartieren. Dieses einzigartige kulturelle Erbe ist in größter Gefahr. Der Verein der Freunde der Altstadt von Aleppo setzt sich daher gerade auch für die Bewahrung des kulturellen Erbes der Altstadt von Aleppo ein.</p>
<h4>2008–2011 Das Aleppo Archiv</h4>
<p>Im Rahmen der syrisch-deutschen Kooperation hat sich der Verein seit 2008 für den Aufbau eines Stadtarchivs im Zentrum der Altstadt eingesetzt, um das Bewusstsein der Bewohner für den kulturellen Wert ihrer Stadt zu stärken. Mit einer im Dezember 2010 in Aleppo gezeigten, und vom Verein finanzierten, Ausstellung wurden die Aufgaben und Inhalte des Archivs einer breiteren lokalen, nationalen wie internationalen Öffentlichkeit bekannt gemacht.</p>
<h4>1990–2011 Ein Rehabilitationsfond für die Altstadt</h4>
<p>Die Altstadt von Aleppo zählt mit ihrer 5000-jährigen Geschichte zu einer der ältesten Handelsstädte des Nahen Ostens. Über 16.000 Einzelgebäude, meist introvertierte Hofhäuser, fügen sich zu den von Sackgassen erschlossenen charakteristischen Quartierstrukturen. Diese historische Altstadt, im Zentrum einer Zwei-Millionen-Metropole, ist mit ihren 360 ha und 100.000 Einwohnern in den letzten Jahrzehnten von großen sozialen und ökonomischen Veränderungen betroffen. Ein Großteil der traditionellen Wohnquartiere ist zum Wohnstandort der armen Bevölkerungsschichten geworden. Hier hat der Verein, der 1990 im Linden-Museum Stuttgart gegründet wurde, im Rahmen der syrisch-deutschen Kooperation, dazu beigetragen, menschenwürdige Wohnungen in der Altstadt zu erhalten. Die seit Bestehen des Vereins gewährte finanzielle Unterstützung ermöglichte es zahlreichen Bewohnern, zumindest die wichtigsten Reparatur- und Instandhaltungsarbeiten an ihren Wohnhäusern vorzunehmen. Ziel war es, gemeinsam mit der Stadt Aleppo, der GIZ (Gesellschaft für Internationale Zusammenarbeit) und mit Beiträgen vom Verein der Freunde der Altstadt von Aleppo durch finanzielle Unterstützung der Familien mit geringem Einkommen, die soziale Segregation zu mindern. Mehr als tausend Wohnungen wurden bis zum Frühjahr 2011 instand gesetzt.</p>
<p>Das Interesse und die Anteilnahme am Schicksal der Altstadt von Aleppo ist groß, der Verein gewinnt immer mehr Mitglieder und so würden wir uns freuen, wenn auch Sie dazu gehören. <a href="http://www.aleppofreunde.de/wp-content/uploads/2020/03/200329-FALP-Flyer-2020.pdf" target="_blank" rel="noopener">Schauen Sie sich auch unseren Flyer 2020 an!</a></p>
<p>PDFs:<br />
&gt;&gt; <a href="http://www.aleppofreunde.de/wp-content/uploads/2019/03/Satzung-kleine-Lösung_2019.pdf" target="_blank" rel="noopener">Vereinssatzung (30.01.2019)</a><br />
&gt;&gt; Einladung Mitgliederversammlung <a href="http://www.aleppofreunde.de/wp-content/uploads/2018/07/mitgliederversammlung_2017.pdf">2017</a>, 2018, <a href="http://www.aleppofreunde.de/wp-content/uploads/2019/03/Einladung-zu-Mitgl-Jan-2019.pdf" target="_blank" rel="noopener">2019</a>, <a href="http://www.aleppofreunde.de/wp-content/uploads/2020/03/Einladung_Aleppofreunde-03Feb2020.pdf" target="_blank" rel="noopener">2020</a><br />
&gt;&gt; Protokoll <a href="http://www.aleppofreunde.de/wp-content/uploads/2018/07/taetigkeitsbericht_2016.pdf">2016</a>, 2017, <a href="http://www.aleppofreunde.de/wp-content/uploads/2019/03/Protokoll-Mitgliederversammlung-VdAvA-31.01.18.pdf" target="_blank" rel="noopener">2018</a>, <a href="http://www.aleppofreunde.de/wp-content/uploads/2019/03/Protokoll-Mitgliederversammlung-VdAvA-30.01.19_Edit_FL.pdf" target="_blank" rel="noopener">2019</a>, <a href="http://www.aleppofreunde.de/wp-content/uploads/2020/03/Protokoll-Mitglvers-Aleppo-Verein-2019.pdf" target="_blank" rel="noopener">2020</a><br />
&gt;&gt; Bericht des Vorstands <a href="http://www.aleppofreunde.de/wp-content/uploads/2018/07/bericht_vorstand_2017.pdf">2017</a>, 2018, <a href="http://www.aleppofreunde.de/wp-content/uploads/2020/03/2019-01-23-Jahresbericht-2018-mit-Fotografien.pdf" target="_blank" rel="noopener">2019</a>, <a href="http://www.aleppofreunde.de/wp-content/uploads/2020/03/x2020-02-03-Jahresbericht-2019-mit-Fotografien_02Feb20.pdf" target="_blank" rel="noopener">2020</a><br />
&gt;&gt; Rundbrief <a href="http://www.aleppofreunde.de/wp-content/uploads/2019/03/Aleppo-Zwischenbericth-Marz-1.2016-.pdf" target="_blank" rel="noopener">2016</a></p>
</div></section></div>
