{"id":27,"date":"2018-04-25T17:15:17","date_gmt":"2018-04-25T15:15:17","guid":{"rendered":"http:\/\/s741491327.online.de\/?page_id=27"},"modified":"2018-11-18T13:26:16","modified_gmt":"2018-11-18T12:26:16","slug":"malwerkstatt","status":"publish","type":"page","link":"http:\/\/www.aleppofreunde.de\/?page_id=27&lang=de","title":{"rendered":"Malwerkstatt"},"content":{"rendered":"<\/div><\/div><\/div><!-- close content main div --><\/div><\/div><div id='full_slider_1' class='avia-fullwidth-slider main_color avia-shadow   container_wrap sidebar_right' style=' '   style=' ' ><div  data-size='no scaling'  data-lightbox_size='large'  data-animation='slide'  data-conditional_play=''  data-ids='219'  data-video_counter='0'  data-autoplay='false'  data-bg_slider='false'  data-slide_height=''  data-handle='av_slideshow_full'  data-interval='5'  data-class=' '  data-css_id=''  data-scroll_down=''  data-control_layout='av-control-default'  data-custom_markup=''  data-perma_caption=''  data-autoplay_stopper=''  data-image_attachment=''  data-min_height='0px'  data-src=''  data-position='top left'  data-repeat='no-repeat'  data-attach='scroll'  data-stretch=''  class='avia-slideshow avia-slideshow-1  av-control-default av-default-height-applied avia-slideshow-no scaling av_slideshow_full   avia-slide-slider '  itemprop=\"ImageObject\" itemscope=\"itemscope\" itemtype=\"https:\/\/schema.org\/ImageObject\" ><ul class='avia-slideshow-inner ' style='padding-bottom: 25%;' ><li  class=' av-single-slide slide-1 ' ><div data-rel='slideshow-1' class='avia-slide-wrap '   ><img src='http:\/\/www.aleppofreunde.de\/wp-content\/uploads\/2018\/05\/MalWSt_161114IMG_6201.jpg' width='1500' height='375' title='MalWSt_161114IMG_6201' alt=''  itemprop=\"thumbnailUrl\"   \/><\/div><\/li><\/ul><\/div><\/div>\n<div class='flex_column_table av-equal-height-column-flextable -flextable' style='margin-top:0px; margin-bottom:30px; '><div class=\"flex_column av_one_fifth  flex_column_table_cell av-equal-height-column av-align-top av-zero-column-padding first  \" style='border-radius:0px; '><\/div><\/div><!--close column table wrapper. Autoclose: 1 -->\n<div class='flex_column_table av-equal-height-column-flextable -flextable' style='margin-top:0px; margin-bottom:30px; '><div class='av-flex-placeholder'><\/div><div class=\"flex_column av_four_fifth  flex_column_table_cell av-equal-height-column av-align-top av-zero-column-padding   \" style='border-radius:0px; '><div style='padding-bottom:10px; font-size:32px;' class='av-special-heading av-special-heading-h3  blockquote modern-quote  av-inherit-size '><div class ='av-subheading av-subheading_above  ' style='font-size:15px;'><p>Initiativen<\/p>\n<\/div><h3 class='av-special-heading-tag '  itemprop=\"headline\"  >Malwerkstatt<\/h3><div class='special-heading-border'><div class='special-heading-inner-border' ><\/div><\/div><\/div><\/div><\/div><!--close column table wrapper. Autoclose: 1 -->\n<div class=\"flex_column av_one_fifth  flex_column_div av-zero-column-padding first  \" style='border-radius:0px; '><\/div>\n<div class=\"flex_column av_two_fifth  flex_column_div av-zero-column-padding   \" style='border-radius:0px; '><p><section class=\"av_textblock_section \"  itemscope=\"itemscope\" itemtype=\"https:\/\/schema.org\/CreativeWork\" ><div class='avia_textblock  '   itemprop=\"text\" ><p>Im Herbst 2015 hat der Verein zusammen mit der Caritas eine Malwerkstatt ins Leben gerufen. Ziel war es, die Kinder w\u00f6chentlich in einer Gruppenst\u00e4rke von ungef\u00e4hr zehn Teilnehmern durch eine Kunsttherapeutin und eine Kunstp\u00e4dagogin durchzuf\u00fchren.<\/p>\n<p>Die Malwerkstatt f\u00fcr die Kinder in einer Stuttgarter Fl\u00fcchtlingsunterkunft wurde nach einigen Anlaufschwierigkeiten begeistert angenommen und wird bis zum Sp\u00e4tsommer 2016 weitergef\u00fchrt. Nach positiver R\u00fcckmeldung der Malwerkstattbetreuerinnen ist es bereits die zweite Verl\u00e4ngerung dieses Erfolgsmodells. Es nehmen unter anderem M\u00e4dchen und Jungen aus Syrien, Afghanistan, Albanien, Iran und Irak teil.<br \/>\nAuch die Stuttgarter Zeitung hat bereits von der Malerkstatt berichtet.<\/p>\n<h4>Malwerkstattfest im Globalen Klassenzimmer am 5. Dezember 2016<\/h4>\n<p>Am Nachmittag des 5. Dezember besuchten die an der Malwerkstatt teilnehmenden Kinder ihre Ausstellung im Globalen Klassenzimmer am Charlottenplatz.<br \/>\nNach einer allgemeinen Vorstellungsrunde feierten alle Besucher mit Lebkuchen und Erfrischungsgetr\u00e4nken. Danach erfreute eine M\u00e4rchenerz\u00e4hlerin die Kinder mit lebhaften Geschichten. Gegen Ende des Nachmittags sangen Kinder Lieder aus ihren Heimatl\u00e4ndern.<br \/>\nDer Verein dankt allen Beteiligten f\u00fcr diesen fr\u00f6hlichen Nachmittag.<\/p>\n<\/div><\/section><br \/>\n<div  data-size='no scaling'  data-lightbox_size='large'  data-animation='slide'  data-conditional_play=''  data-ids='260,261,262,263,264,265,266,267,268,269,270'  data-video_counter='0'  data-autoplay='true'  data-bg_slider='false'  data-slide_height=''  data-handle='av_slideshow'  data-interval='5'  data-class=' '  data-css_id=''  data-scroll_down=''  data-control_layout='av-control-default'  data-custom_markup=''  data-perma_caption=''  data-autoplay_stopper=''  data-image_attachment=''  data-min_height='0px'  class='avia-slideshow avia-slideshow-2  av-control-default av-default-height-applied avia-slideshow-no scaling av_slideshow   avia-slide-slider '  itemprop=\"ImageObject\" itemscope=\"itemscope\" itemtype=\"https:\/\/schema.org\/ImageObject\" ><ul class='avia-slideshow-inner ' style='padding-bottom: 100%;' ><li  class=' slide-1 ' ><div data-rel='slideshow-2' class='avia-slide-wrap '   ><img src='http:\/\/www.aleppofreunde.de\/wp-content\/uploads\/2018\/05\/MalWSt_161205IMG_6515.jpg' width='800' height='800' title='MalWSt_161205IMG_6515' alt=''  itemprop=\"thumbnailUrl\"   \/><\/div><\/li><li  class=' slide-2 ' ><div data-rel='slideshow-2' class='avia-slide-wrap '   ><img src='http:\/\/www.aleppofreunde.de\/wp-content\/uploads\/2018\/05\/MalWSt_161205IMG_6516.jpg' width='800' height='800' title='MalWSt_161205IMG_6516' alt=''  itemprop=\"thumbnailUrl\"   \/><\/div><\/li><li  class=' slide-3 ' ><div data-rel='slideshow-2' class='avia-slide-wrap '   ><img src='http:\/\/www.aleppofreunde.de\/wp-content\/uploads\/2018\/05\/MalWSt_161205IMG_6517.jpg' width='800' height='800' title='MalWSt_161205IMG_6517' alt=''  itemprop=\"thumbnailUrl\"   \/><\/div><\/li><li  class=' slide-4 ' ><div data-rel='slideshow-2' class='avia-slide-wrap '   ><img src='http:\/\/www.aleppofreunde.de\/wp-content\/uploads\/2018\/05\/MalWSt_161205IMG_6519.jpg' width='800' height='800' title='MalWSt_161205IMG_6519' alt=''  itemprop=\"thumbnailUrl\"   \/><\/div><\/li><li  class=' slide-5 ' ><div data-rel='slideshow-2' class='avia-slide-wrap '   ><img src='http:\/\/www.aleppofreunde.de\/wp-content\/uploads\/2018\/05\/MalWSt_161205IMG_6520.jpg' width='800' height='800' title='MalWSt_161205IMG_6520' alt=''  itemprop=\"thumbnailUrl\"   \/><\/div><\/li><li  class=' slide-6 ' ><div data-rel='slideshow-2' class='avia-slide-wrap '   ><img src='http:\/\/www.aleppofreunde.de\/wp-content\/uploads\/2018\/05\/MalWSt_161205IMG_6521.jpg' width='800' height='800' title='MalWSt_161205IMG_6521' alt=''  itemprop=\"thumbnailUrl\"   \/><\/div><\/li><li  class=' slide-7 ' ><div data-rel='slideshow-2' class='avia-slide-wrap '   ><img src='http:\/\/www.aleppofreunde.de\/wp-content\/uploads\/2018\/05\/MalWSt_161205IMG_6524.jpg' width='800' height='800' title='MalWSt_161205IMG_6524' alt=''  itemprop=\"thumbnailUrl\"   \/><\/div><\/li><li  class=' slide-8 ' ><div data-rel='slideshow-2' class='avia-slide-wrap '   ><img src='http:\/\/www.aleppofreunde.de\/wp-content\/uploads\/2018\/05\/MalWSt_161205IMG_6525.jpg' width='800' height='800' title='MalWSt_161205IMG_6525' alt=''  itemprop=\"thumbnailUrl\"   \/><\/div><\/li><li  class=' slide-9 ' ><div data-rel='slideshow-2' class='avia-slide-wrap '   ><img src='http:\/\/www.aleppofreunde.de\/wp-content\/uploads\/2018\/05\/MalWSt_161205IMG_6531.jpg' width='800' height='800' title='MalWSt_161205IMG_6531' alt=''  itemprop=\"thumbnailUrl\"   \/><\/div><\/li><li  class=' slide-10 ' ><div data-rel='slideshow-2' class='avia-slide-wrap '   ><img src='http:\/\/www.aleppofreunde.de\/wp-content\/uploads\/2018\/05\/MalWSt_161205IMG_6532.jpg' width='800' height='800' title='MalWSt_161205IMG_6532' alt=''  itemprop=\"thumbnailUrl\"   \/><\/div><\/li><li  class=' slide-11 ' ><div data-rel='slideshow-2' class='avia-slide-wrap '   ><img src='http:\/\/www.aleppofreunde.de\/wp-content\/uploads\/2018\/05\/MalWSt_161205IMG_6536.jpg' width='800' height='800' title='MalWSt_161205IMG_6536' alt=''  itemprop=\"thumbnailUrl\"   \/><\/div><\/li><\/ul><div class='avia-slideshow-arrows avia-slideshow-controls'><a href='#prev' class='prev-slide' aria-hidden='true' data-av_icon='\ue87c' data-av_iconfont='entypo-fontello'>Previous<\/a><a href='#next' class='next-slide' aria-hidden='true' data-av_icon='\ue87d' data-av_iconfont='entypo-fontello'>Next<\/a><\/div><div class='avia-slideshow-dots avia-slideshow-controls'><a href='#1' class='goto-slide active' >1<\/a><a href='#2' class='goto-slide ' >2<\/a><a href='#3' class='goto-slide ' >3<\/a><a href='#4' class='goto-slide ' >4<\/a><a href='#5' class='goto-slide ' >5<\/a><a href='#6' class='goto-slide ' >6<\/a><a href='#7' class='goto-slide ' >7<\/a><a href='#8' class='goto-slide ' >8<\/a><a href='#9' class='goto-slide ' >9<\/a><a href='#10' class='goto-slide ' >10<\/a><a href='#11' class='goto-slide ' >11<\/a><\/div><\/div><\/p><\/div>\n<div class=\"flex_column av_two_fifth  flex_column_div av-zero-column-padding   \" style='border-radius:0px; '><section class=\"av_textblock_section \"  itemscope=\"itemscope\" itemtype=\"https:\/\/schema.org\/CreativeWork\" ><div class='avia_textblock  '   itemprop=\"text\" ><h4>Er\u00f6ffnung der Ausstellung der Malwerkstatt am 14. November 2016<\/h4>\n<p>Zusammen mit der &#8220;Caritas&#8221;, &#8220;Engagement Global&#8221; und dem &#8220;Welthaus&#8221; hat der Verein eine Ausstellung organisiert, um die Ergebnisse der p\u00e4dagogischen Malklassen vorzustellen. Konzipiert wurde die Ausstellung von den engagierten Kunstp\u00e4dagogen und Kunstp\u00e4dagoginnen.<br \/>\nDie Ausstellungser\u00f6ffnung mit dem Titel &#8220;Kids and Colours \u2013 Kinder und Farben\u201c wurde von Vortr\u00e4gen des Vereinsvorstands, sowie der Kunstp\u00e4dagogen begleitet.<br \/>\nDie Ausstellungser\u00f6ffnung zog viele interessierte Besucher an.<br \/>\nDer Verein dankt allen Beteiligten f\u00fcr diesen gelungenen Abend.<\/p>\n<\/div><\/section><br \/>\n<div  data-size='no scaling'  data-lightbox_size='large'  data-animation='slide'  data-conditional_play=''  data-ids='229,228,227,226,225,224,223,222,220,218,217,216,214'  data-video_counter='0'  data-autoplay='true'  data-bg_slider='false'  data-slide_height=''  data-handle='av_slideshow'  data-interval='5'  data-class=' '  data-css_id=''  data-scroll_down=''  data-control_layout='av-control-default'  data-custom_markup=''  data-perma_caption=''  data-autoplay_stopper=''  data-image_attachment=''  data-min_height='0px'  class='avia-slideshow avia-slideshow-3  av-control-default av-default-height-applied avia-slideshow-no scaling av_slideshow   avia-slide-slider '  itemprop=\"ImageObject\" itemscope=\"itemscope\" itemtype=\"https:\/\/schema.org\/ImageObject\" ><ul class='avia-slideshow-inner ' style='padding-bottom: 100%;' ><li  class=' slide-1 ' ><div data-rel='slideshow-3' class='avia-slide-wrap '   ><img src='http:\/\/www.aleppofreunde.de\/wp-content\/uploads\/2018\/05\/MalWSt_161114XJAK4455.jpg' width='800' height='800' title='MalWSt_161114XJAK4455' alt=''  itemprop=\"thumbnailUrl\"   \/><\/div><\/li><li  class=' slide-2 ' ><div data-rel='slideshow-3' class='avia-slide-wrap '   ><img src='http:\/\/www.aleppofreunde.de\/wp-content\/uploads\/2018\/05\/MalWSt_161114UVTM1703.jpg' width='800' height='800' title='MalWSt_161114UVTM1703' alt=''  itemprop=\"thumbnailUrl\"   \/><\/div><\/li><li  class=' slide-3 ' ><div data-rel='slideshow-3' class='avia-slide-wrap '   ><img src='http:\/\/www.aleppofreunde.de\/wp-content\/uploads\/2018\/05\/MalWSt_161114QCTI7973.jpg' width='800' height='800' title='MalWSt_161114QCTI7973' alt=''  itemprop=\"thumbnailUrl\"   \/><\/div><\/li><li  class=' slide-4 ' ><div data-rel='slideshow-3' class='avia-slide-wrap '   ><img src='http:\/\/www.aleppofreunde.de\/wp-content\/uploads\/2018\/05\/MalWSt_161114PUAT3278.jpg' width='800' height='800' title='MalWSt_161114PUAT3278' alt=''  itemprop=\"thumbnailUrl\"   \/><\/div><\/li><li  class=' slide-5 ' ><div data-rel='slideshow-3' class='avia-slide-wrap '   ><img src='http:\/\/www.aleppofreunde.de\/wp-content\/uploads\/2018\/05\/MalWSt_161114JHOY1301.jpg' width='800' height='800' title='MalWSt_161114JHOY1301' alt=''  itemprop=\"thumbnailUrl\"   \/><\/div><\/li><li  class=' slide-6 ' ><div data-rel='slideshow-3' class='avia-slide-wrap '   ><img src='http:\/\/www.aleppofreunde.de\/wp-content\/uploads\/2018\/05\/MalWSt_161114IYOA3986.jpg' width='800' height='800' title='MalWSt_161114IYOA3986' alt=''  itemprop=\"thumbnailUrl\"   \/><\/div><\/li><li  class=' slide-7 ' ><div data-rel='slideshow-3' class='avia-slide-wrap '   ><img src='http:\/\/www.aleppofreunde.de\/wp-content\/uploads\/2018\/05\/MalWSt_161114IMG_6212.jpg' width='800' height='800' title='MalWSt_161114IMG_6212' alt=''  itemprop=\"thumbnailUrl\"   \/><\/div><\/li><li  class=' slide-8 ' ><div data-rel='slideshow-3' class='avia-slide-wrap '   ><img src='http:\/\/www.aleppofreunde.de\/wp-content\/uploads\/2018\/05\/MalWSt_161114IMG_6208.jpg' width='800' height='800' title='MalWSt_161114IMG_6208' alt=''  itemprop=\"thumbnailUrl\"   \/><\/div><\/li><li  class=' slide-9 ' ><div data-rel='slideshow-3' class='avia-slide-wrap '   ><img src='http:\/\/www.aleppofreunde.de\/wp-content\/uploads\/2018\/05\/MalWSt_161114IMG_6205.jpg' width='800' height='800' title='MalWSt_161114IMG_6205' alt=''  itemprop=\"thumbnailUrl\"   \/><\/div><\/li><li  class=' slide-10 ' ><div data-rel='slideshow-3' class='avia-slide-wrap '   ><img src='http:\/\/www.aleppofreunde.de\/wp-content\/uploads\/2018\/05\/MalWSt_161114IJBF4827.jpg' width='800' height='800' title='MalWSt_161114IJBF4827' alt=''  itemprop=\"thumbnailUrl\"   \/><\/div><\/li><li  class=' slide-11 ' ><div data-rel='slideshow-3' class='avia-slide-wrap '   ><img src='http:\/\/www.aleppofreunde.de\/wp-content\/uploads\/2018\/05\/MalWSt_161114HSZX2390-1.jpg' width='800' height='800' title='MalWSt_161114HSZX2390' alt=''  itemprop=\"thumbnailUrl\"   \/><\/div><\/li><li  class=' slide-12 ' ><div data-rel='slideshow-3' class='avia-slide-wrap '   ><img src='http:\/\/www.aleppofreunde.de\/wp-content\/uploads\/2018\/05\/MalWSt_161114GYLD5171-1.jpg' width='800' height='800' title='MalWSt_161114GYLD5171' alt=''  itemprop=\"thumbnailUrl\"   \/><\/div><\/li><li  class=' slide-13 ' ><div data-rel='slideshow-3' class='avia-slide-wrap '   ><img src='http:\/\/www.aleppofreunde.de\/wp-content\/uploads\/2018\/05\/MalWSt_161114GDCV4418-1.jpg' width='800' height='800' title='MalWSt_161114GDCV4418' alt=''  itemprop=\"thumbnailUrl\"   \/><\/div><\/li><\/ul><div class='avia-slideshow-arrows avia-slideshow-controls'><a href='#prev' class='prev-slide' aria-hidden='true' data-av_icon='\ue87c' data-av_iconfont='entypo-fontello'>Previous<\/a><a href='#next' class='next-slide' aria-hidden='true' data-av_icon='\ue87d' data-av_iconfont='entypo-fontello'>Next<\/a><\/div><div class='avia-slideshow-dots avia-slideshow-controls'><a href='#1' class='goto-slide active' >1<\/a><a href='#2' class='goto-slide ' >2<\/a><a href='#3' class='goto-slide ' >3<\/a><a href='#4' class='goto-slide ' >4<\/a><a href='#5' class='goto-slide ' >5<\/a><a href='#6' class='goto-slide ' >6<\/a><a href='#7' class='goto-slide ' >7<\/a><a href='#8' class='goto-slide ' >8<\/a><a href='#9' class='goto-slide ' >9<\/a><a href='#10' class='goto-slide ' >10<\/a><a href='#11' class='goto-slide ' >11<\/a><a href='#12' class='goto-slide ' >12<\/a><a href='#13' class='goto-slide ' >13<\/a><\/div><\/div><br \/>\n<section class=\"av_textblock_section \"  itemscope=\"itemscope\" itemtype=\"https:\/\/schema.org\/CreativeWork\" ><div class='avia_textblock  '   itemprop=\"text\" ><h4>Malwerkstattfest im Juni 2016<\/h4>\n<p>Am 20. Juni 2016 wurde ein Fest mit den Kindern der Malwerkstatt veranstaltet. Ebenso eingeladen waren die Eltern und ein paar Freiwillige der Caritas sowie des Vereins der Freunde der Altstadt von Aleppo. Diese Zusammenkunft war die erste Gelegenheit, Mal- und Bastelergebnisse gemeinsam mit den Kindern zu betrachten.<br \/>\nWir freuen uns auf die weitere Fortf\u00fchrung der Malwerkstatt.<\/p>\n<\/div><\/section><br \/>\n<div  data-size='no scaling'  data-lightbox_size='large'  data-animation='slide'  data-conditional_play=''  data-ids='242,243,244,245,246,247,248,249'  data-video_counter='0'  data-autoplay='true'  data-bg_slider='false'  data-slide_height=''  data-handle='av_slideshow'  data-interval='5'  data-class=' '  data-css_id=''  data-scroll_down=''  data-control_layout='av-control-default'  data-custom_markup=''  data-perma_caption=''  data-autoplay_stopper=''  data-image_attachment=''  data-min_height='0px'  class='avia-slideshow avia-slideshow-4  av-control-default av-default-height-applied avia-slideshow-no scaling av_slideshow   avia-slide-slider '  itemprop=\"ImageObject\" itemscope=\"itemscope\" itemtype=\"https:\/\/schema.org\/ImageObject\" ><ul class='avia-slideshow-inner ' style='padding-bottom: 100%;' ><li  class=' slide-1 ' ><div data-rel='slideshow-4' class='avia-slide-wrap '   ><img src='http:\/\/www.aleppofreunde.de\/wp-content\/uploads\/2018\/05\/MalWSt_16062020Juni16_MWparty1.jpg' width='800' height='800' title='MalWSt_16062020Juni16_MWparty1' alt=''  itemprop=\"thumbnailUrl\"   \/><\/div><\/li><li  class=' slide-2 ' ><div data-rel='slideshow-4' class='avia-slide-wrap '   ><img src='http:\/\/www.aleppofreunde.de\/wp-content\/uploads\/2018\/05\/MalWSt_16062020Juni16_MWparty2.jpg' width='800' height='794' title='MalWSt_16062020Juni16_MWparty2' alt=''  itemprop=\"thumbnailUrl\"   \/><\/div><\/li><li  class=' slide-3 ' ><div data-rel='slideshow-4' class='avia-slide-wrap '   ><img src='http:\/\/www.aleppofreunde.de\/wp-content\/uploads\/2018\/05\/MalWSt_16062020Juni16_MWparty3.jpg' width='800' height='800' title='MalWSt_16062020Juni16_MWparty3' alt=''  itemprop=\"thumbnailUrl\"   \/><\/div><\/li><li  class=' slide-4 ' ><div data-rel='slideshow-4' class='avia-slide-wrap '   ><img src='http:\/\/www.aleppofreunde.de\/wp-content\/uploads\/2018\/05\/MalWSt_16062020Juni16_MWparty5.jpg' width='800' height='800' title='MalWSt_16062020Juni16_MWparty5' alt=''  itemprop=\"thumbnailUrl\"   \/><\/div><\/li><li  class=' slide-5 ' ><div data-rel='slideshow-4' class='avia-slide-wrap '   ><img src='http:\/\/www.aleppofreunde.de\/wp-content\/uploads\/2018\/05\/MalWSt_16062020Juni16_MWparty6.jpg' width='800' height='797' title='MalWSt_16062020Juni16_MWparty6' alt=''  itemprop=\"thumbnailUrl\"   \/><\/div><\/li><li  class=' slide-6 ' ><div data-rel='slideshow-4' class='avia-slide-wrap '   ><img src='http:\/\/www.aleppofreunde.de\/wp-content\/uploads\/2018\/05\/MalWSt_16062020Juni16_MWparty7.jpg' width='794' height='800' title='MalWSt_16062020Juni16_MWparty7' alt=''  itemprop=\"thumbnailUrl\"   \/><\/div><\/li><li  class=' slide-7 ' ><div data-rel='slideshow-4' class='avia-slide-wrap '   ><img src='http:\/\/www.aleppofreunde.de\/wp-content\/uploads\/2018\/05\/MalWSt_16062020Juni16_MWparty8-1.jpg' width='797' height='800' title='MalWSt_16062020Juni16_MWparty8' alt=''  itemprop=\"thumbnailUrl\"   \/><\/div><\/li><li  class=' slide-8 ' ><div data-rel='slideshow-4' class='avia-slide-wrap '   ><img src='http:\/\/www.aleppofreunde.de\/wp-content\/uploads\/2018\/05\/MalWSt_16062020Juni16_MWparty9-1.jpg' width='800' height='800' title='MalWSt_16062020Juni16_MWparty9' alt=''  itemprop=\"thumbnailUrl\"   \/><\/div><\/li><\/ul><div class='avia-slideshow-arrows avia-slideshow-controls'><a href='#prev' class='prev-slide' aria-hidden='true' data-av_icon='\ue87c' data-av_iconfont='entypo-fontello'>Previous<\/a><a href='#next' class='next-slide' aria-hidden='true' data-av_icon='\ue87d' data-av_iconfont='entypo-fontello'>Next<\/a><\/div><div class='avia-slideshow-dots avia-slideshow-controls'><a href='#1' class='goto-slide active' >1<\/a><a href='#2' class='goto-slide ' >2<\/a><a href='#3' class='goto-slide ' >3<\/a><a href='#4' class='goto-slide ' >4<\/a><a href='#5' class='goto-slide ' >5<\/a><a href='#6' class='goto-slide ' >6<\/a><a href='#7' class='goto-slide ' >7<\/a><a href='#8' class='goto-slide ' >8<\/a><\/div><\/div><br \/>\n<section class=\"av_textblock_section \"  itemscope=\"itemscope\" itemtype=\"https:\/\/schema.org\/CreativeWork\" ><div class='avia_textblock  '   itemprop=\"text\" ><h4>Links<\/h4>\n<p>&gt;&gt;<a href=\"http:\/\/www.aleppofreunde.de\/2018\/11\/18\/kinder-und-farben-ausstellungseroeffnung\/\">Ausstellungser\u00f6ffnung 26 Nov 2018<\/a><\/p>\n<p>Ausstellungser\u00f6ffnung &#8220;Kinder und Farben&#8221; am 26.11.2018<\/p>\n<p>&gt;&gt; <a href=\"https:\/\/www.stuttgarter-zeitung.de\/inhalt.hilfe-fuer-fluechtlingskinder-ein-raum-um-loslassen-zu-koennen.2757c71a-ddf7-4c07-a67c-5ada7a2b6c68.html\" target=\"_blank\" rel=\"noopener\">Stuttgarter Zeitung (23.06.2016)<\/a><br \/>\nEin Raum, um loslassen zu k\u00f6nnen<\/p>\n<p>&gt;&gt; <a href=\"https:\/\/www.swp.de\/suedwesten\/staedte\/stuttgart\/_das-interesse-kam-erst-mit-dem-krieg_-20585107.html\" target=\"_blank\" rel=\"noopener\">S\u00fcdwestpresse (05.08.2015)<\/a><br \/>\n&#8220;Das Interesse kam erst mit dem Krieg&#8221;<\/p>\n<\/div><\/section><\/p><\/div>\n","protected":false},"excerpt":{"rendered":"","protected":false},"author":1,"featured_media":0,"parent":10,"menu_order":0,"comment_status":"closed","ping_status":"closed","template":"","meta":{"footnotes":""},"class_list":["post-27","page","type-page","status-publish","hentry"],"_links":{"self":[{"href":"http:\/\/www.aleppofreunde.de\/index.php?rest_route=\/wp\/v2\/pages\/27","targetHints":{"allow":["GET"]}}],"collection":[{"href":"http:\/\/www.aleppofreunde.de\/index.php?rest_route=\/wp\/v2\/pages"}],"about":[{"href":"http:\/\/www.aleppofreunde.de\/index.php?rest_route=\/wp\/v2\/types\/page"}],"author":[{"embeddable":true,"href":"http:\/\/www.aleppofreunde.de\/index.php?rest_route=\/wp\/v2\/users\/1"}],"replies":[{"embeddable":true,"href":"http:\/\/www.aleppofreunde.de\/index.php?rest_route=%2Fwp%2Fv2%2Fcomments&post=27"}],"version-history":[{"count":19,"href":"http:\/\/www.aleppofreunde.de\/index.php?rest_route=\/wp\/v2\/pages\/27\/revisions"}],"predecessor-version":[{"id":988,"href":"http:\/\/www.aleppofreunde.de\/index.php?rest_route=\/wp\/v2\/pages\/27\/revisions\/988"}],"up":[{"embeddable":true,"href":"http:\/\/www.aleppofreunde.de\/index.php?rest_route=\/wp\/v2\/pages\/10"}],"wp:attachment":[{"href":"http:\/\/www.aleppofreunde.de\/index.php?rest_route=%2Fwp%2Fv2%2Fmedia&parent=27"}],"curies":[{"name":"wp","href":"https:\/\/api.w.org\/{rel}","templated":true}]}}