{"id":29,"date":"2018-04-25T17:15:29","date_gmt":"2018-04-25T15:15:29","guid":{"rendered":"http:\/\/s741491327.online.de\/?page_id=29"},"modified":"2018-08-06T17:31:15","modified_gmt":"2018-08-06T15:31:15","slug":"vortragsreihen","status":"publish","type":"page","link":"http:\/\/www.aleppofreunde.de\/?page_id=29&lang=de","title":{"rendered":"Vortragsreihen"},"content":{"rendered":"<\/div><\/div><\/div><!-- close content main div --><\/div><\/div><div id='full_slider_1' class='avia-fullwidth-slider main_color avia-shadow   container_wrap sidebar_right' style=' '   style=' ' ><div  data-size='no scaling'  data-lightbox_size='large'  data-animation='slide'  data-conditional_play=''  data-ids='613'  data-video_counter='0'  data-autoplay='false'  data-bg_slider='false'  data-slide_height=''  data-handle='av_slideshow_full'  data-interval='5'  data-class=' '  data-css_id=''  data-scroll_down=''  data-control_layout='av-control-default'  data-custom_markup=''  data-perma_caption=''  data-autoplay_stopper=''  data-image_attachment=''  data-min_height='0px'  data-src=''  data-position='top left'  data-repeat='no-repeat'  data-attach='scroll'  data-stretch=''  class='avia-slideshow avia-slideshow-1  av-control-default av-default-height-applied avia-slideshow-no scaling av_slideshow_full   avia-slide-slider '  itemprop=\"ImageObject\" itemscope=\"itemscope\" itemtype=\"https:\/\/schema.org\/ImageObject\" ><ul class='avia-slideshow-inner ' style='padding-bottom: 25%;' ><li  class=' av-single-slide slide-1 ' ><div data-rel='slideshow-1' class='avia-slide-wrap '   ><img src='http:\/\/www.aleppofreunde.de\/wp-content\/uploads\/2018\/08\/Tagung.jpg' width='4288' height='1072' title='Tagung' alt=''  itemprop=\"thumbnailUrl\"   \/><\/div><\/li><\/ul><\/div><\/div>\n<div class='flex_column_table av-equal-height-column-flextable -flextable' style='margin-top:0px; margin-bottom:30px; '><div class=\"flex_column av_one_fifth  flex_column_table_cell av-equal-height-column av-align-top av-zero-column-padding first  \" style='border-radius:0px; '><\/div><\/div><!--close column table wrapper. Autoclose: 1 -->\n<div class='flex_column_table av-equal-height-column-flextable -flextable' style='margin-top:0px; margin-bottom:30px; '><div class='av-flex-placeholder'><\/div><div class=\"flex_column av_four_fifth  flex_column_table_cell av-equal-height-column av-align-top av-zero-column-padding   \" style='border-radius:0px; '><div style='padding-bottom:10px; font-size:32px;' class='av-special-heading av-special-heading-h3  blockquote modern-quote  av-inherit-size '><div class ='av-subheading av-subheading_above  ' style='font-size:15px;'><p>Initiativen<\/p>\n<\/div><h3 class='av-special-heading-tag '  itemprop=\"headline\"  >Ausstellungser\u00f6ffnung und Gespr\u00e4chsreihe<\/h3><div class='special-heading-border'><div class='special-heading-inner-border' ><\/div><\/div><\/div><\/div><\/div><!--close column table wrapper. Autoclose: 1 -->\n<div class=\"flex_column av_one_fifth  flex_column_div av-zero-column-padding first  \" style='border-radius:0px; '><\/div>\n<div class=\"flex_column av_two_fifth  flex_column_div av-zero-column-padding   \" style='border-radius:0px; '><section class=\"av_textblock_section \"  itemscope=\"itemscope\" itemtype=\"https:\/\/schema.org\/CreativeWork\" ><div class='avia_textblock  '   itemprop=\"text\" ><h4>Die syrische Trag\u00f6die \u2013 Zerst\u00f6rung einer Weltkultur<\/h4>\n<p>Der Verein organisierte im November und Dezember 2016 eine Gespr\u00e4chsreihe und Ausstellungser\u00f6ffnung in Kooperation mit dem Stadtarchiv Stuttgart und ifa (Institut f\u00fcr Auslandsbeziehungen) und freundlicher Unterst\u00fctzung durch die BW-Bank.<\/p>\n<h4>Drei Diskussionsrunden zu Syrien und Aleppo<\/h4>\n<p>Im Rahmen der Ausstellungser\u00f6ffnung fand die erste Podiumsdiskussion am Mittwoch, den 23.11.2016, 19.00 Uhr, im Stadtarchiv Stuttgart, im Bellingweg 21 statt.<br \/>\nDer Abend begann mit Begr\u00fc\u00dfungsreden anl\u00e4sslich der Er\u00f6ffnung der Ausstellung.<br \/>\nEs schloss sich eine Podiumsdiskussion zu dem Thema &#8222;Das Aleppo Archiv \u2013 Wie wichtig ist Erinnern?&#8220; an. G\u00e4ste auf dem Podium waren Prof. Dr. Mamoun Fansa (Arch\u00e4ologe und ehemaliger Direktor des Landesmuseums f\u00fcr Natur und Mensch in Oldenburg) und Nihad Sirees (syrischer Schriftsteller). Moderiert wurde die Diskussionsrunde von J\u00f6rg Armbruster.<\/p>\n<\/div><\/section><\/div>\n<div class=\"flex_column av_two_fifth  flex_column_div av-zero-column-padding   \" style='border-radius:0px; '><section class=\"av_textblock_section \"  itemscope=\"itemscope\" itemtype=\"https:\/\/schema.org\/CreativeWork\" ><div class='avia_textblock  '   itemprop=\"text\" ><p>Am Donnerstag, den 01.12.2016, 19.00 Uhr, fand im Institut f\u00fcr Auslandsbeziehungen am Stuttgarter Charlottenplatz die n\u00e4chste Podiumsdiskussion statt.<br \/>\nUnter dem Titel &#8222;Syrien verstehen \u2013 Zur Zukunft einer Region&#8220; diskutierten Daniel Gerlach (Journalist und Chefredakteur des Magazins zenith) und Dr. Sadiq Al-Mousllie (Syrischer Nationalrat). Die Moderation \u00fcbernahm wiederum J\u00f6rg Armbruster.<\/p>\n<p>Am Mittwoch, den 07.12.2016 19.00 Uhr, fand im Stadtarchiv Stuttgart die dritte Podiumsdiskussion statt.<br \/>\nDieses wurde das Thema &#8222;Der Wiederaufbau Europas nach 1945 \u2013 ein Modell f\u00fcr Aleppo?&#8220; diskutiert. An diesem Abend diskutierten J\u00f6rn D\u00fcwel (Professor f\u00fcr Geschichte und Theorie der Architektur an der HafenCity Universit\u00e4t Hamburg) und Stefano Bianca (Architekt mit langj\u00e4hriger Erfahrung in Stadterhaltung, -erneuerung in der Islamischen Welt), moderiert von J\u00f6rg Armbruster.<\/p>\n<p>Der Verein bedankt sich recht herzlich bei allen Kooperationspartnern, G\u00e4sten und Publikum f\u00fcr die gelungenen Abende.<\/p>\n<\/div><\/section><\/div>\n<div class=\"flex_column av_one_fifth  flex_column_div av-zero-column-padding first  \" style='border-radius:0px; '><\/div>\n<div class=\"flex_column av_four_fifth  flex_column_div av-zero-column-padding   \" style='border-radius:0px; '><div  data-size='no scaling'  data-lightbox_size='large'  data-animation='slide'  data-conditional_play=''  data-ids='440,439,438,437'  data-video_counter='0'  data-autoplay='true'  data-bg_slider='false'  data-slide_height=''  data-handle='av_slideshow'  data-interval='5'  data-class=' '  data-css_id=''  data-scroll_down=''  data-control_layout='av-control-default'  data-custom_markup=''  data-perma_caption=''  data-autoplay_stopper=''  data-image_attachment=''  data-min_height='0px'  class='avia-slideshow avia-slideshow-2  av-control-default av-default-height-applied avia-slideshow-no scaling av_slideshow   avia-slide-slider '  itemprop=\"ImageObject\" itemscope=\"itemscope\" itemtype=\"https:\/\/schema.org\/ImageObject\" ><ul class='avia-slideshow-inner ' style='padding-bottom: 75%;' ><li  class=' slide-1 ' ><div data-rel='slideshow-2' class='avia-slide-wrap '   ><img src='http:\/\/www.aleppofreunde.de\/wp-content\/uploads\/2018\/06\/Veranstaltung_DSC_0626.jpg' width='1000' height='750' title='Veranstaltung_DSC_0626' alt=''  itemprop=\"thumbnailUrl\"   \/><\/div><\/li><li  class=' slide-2 ' ><div data-rel='slideshow-2' class='avia-slide-wrap '   ><img src='http:\/\/www.aleppofreunde.de\/wp-content\/uploads\/2018\/06\/Veranstaltung_DSC_0616.jpg' width='1000' height='750' title='Veranstaltung_DSC_0616' alt=''  itemprop=\"thumbnailUrl\"   \/><\/div><\/li><li  class=' slide-3 ' ><div data-rel='slideshow-2' class='avia-slide-wrap '   ><img src='http:\/\/www.aleppofreunde.de\/wp-content\/uploads\/2018\/06\/Veranstaltung_DSC_0612.jpg' width='1000' height='750' title='Veranstaltung_DSC_0612' alt=''  itemprop=\"thumbnailUrl\"   \/><\/div><\/li><li  class=' slide-4 ' ><div data-rel='slideshow-2' class='avia-slide-wrap '   ><img src='http:\/\/www.aleppofreunde.de\/wp-content\/uploads\/2018\/06\/Veranstaltung_DSC_0587.jpg' width='1000' height='750' title='Veranstaltung_DSC_0587' alt=''  itemprop=\"thumbnailUrl\"   \/><\/div><\/li><\/ul><div class='avia-slideshow-arrows avia-slideshow-controls'><a href='#prev' class='prev-slide' aria-hidden='true' data-av_icon='\ue87c' data-av_iconfont='entypo-fontello'>Zur\u00fcck<\/a><a href='#next' class='next-slide' aria-hidden='true' data-av_icon='\ue87d' data-av_iconfont='entypo-fontello'>Weiter<\/a><\/div><div class='avia-slideshow-dots avia-slideshow-controls'><a href='#1' class='goto-slide active' >1<\/a><a href='#2' class='goto-slide ' >2<\/a><a href='#3' class='goto-slide ' >3<\/a><a href='#4' class='goto-slide ' >4<\/a><\/div><\/div><\/div>\n","protected":false},"excerpt":{"rendered":"","protected":false},"author":1,"featured_media":0,"parent":10,"menu_order":0,"comment_status":"closed","ping_status":"closed","template":"","meta":{"footnotes":""},"class_list":["post-29","page","type-page","status-publish","hentry"],"_links":{"self":[{"href":"http:\/\/www.aleppofreunde.de\/index.php?rest_route=\/wp\/v2\/pages\/29","targetHints":{"allow":["GET"]}}],"collection":[{"href":"http:\/\/www.aleppofreunde.de\/index.php?rest_route=\/wp\/v2\/pages"}],"about":[{"href":"http:\/\/www.aleppofreunde.de\/index.php?rest_route=\/wp\/v2\/types\/page"}],"author":[{"embeddable":true,"href":"http:\/\/www.aleppofreunde.de\/index.php?rest_route=\/wp\/v2\/users\/1"}],"replies":[{"embeddable":true,"href":"http:\/\/www.aleppofreunde.de\/index.php?rest_route=%2Fwp%2Fv2%2Fcomments&post=29"}],"version-history":[{"count":10,"href":"http:\/\/www.aleppofreunde.de\/index.php?rest_route=\/wp\/v2\/pages\/29\/revisions"}],"predecessor-version":[{"id":990,"href":"http:\/\/www.aleppofreunde.de\/index.php?rest_route=\/wp\/v2\/pages\/29\/revisions\/990"}],"up":[{"embeddable":true,"href":"http:\/\/www.aleppofreunde.de\/index.php?rest_route=\/wp\/v2\/pages\/10"}],"wp:attachment":[{"href":"http:\/\/www.aleppofreunde.de\/index.php?rest_route=%2Fwp%2Fv2%2Fmedia&parent=29"}],"curies":[{"name":"wp","href":"https:\/\/api.w.org\/{rel}","templated":true}]}}

</div></div></div><!-- close content main div --></div></div><div id='full_slider_1' class='avia-fullwidth-slider main_color avia-shadow   container_wrap sidebar_right' style=' '   style=' ' ><div  data-size='no scaling'  data-lightbox_size='large'  data-animation='slide'  data-conditional_play=''  data-ids='613'  data-video_counter='0'  data-autoplay='false'  data-bg_slider='false'  data-slide_height=''  data-handle='av_slideshow_full'  data-interval='5'  data-class=' '  data-css_id=''  data-scroll_down=''  data-control_layout='av-control-default'  data-custom_markup=''  data-perma_caption=''  data-autoplay_stopper=''  data-image_attachment=''  data-min_height='0px'  data-src=''  data-position='top left'  data-repeat='no-repeat'  data-attach='scroll'  data-stretch=''  class='avia-slideshow avia-slideshow-1  av-control-default av-default-height-applied avia-slideshow-no scaling av_slideshow_full   avia-slide-slider '  itemprop="ImageObject" itemscope="itemscope" itemtype="https://schema.org/ImageObject" ><ul class='avia-slideshow-inner ' style='padding-bottom: 25%;' ><li  class=' av-single-slide slide-1 ' ><div data-rel='slideshow-1' class='avia-slide-wrap '   ><img src='http://www.aleppofreunde.de/wp-content/uploads/2018/08/Tagung.jpg' width='4288' height='1072' title='Tagung' alt=''  itemprop="thumbnailUrl"   /></div></li></ul></div></div>
<div class='flex_column_table av-equal-height-column-flextable -flextable' style='margin-top:0px; margin-bottom:30px; '><div class="flex_column av_one_fifth  flex_column_table_cell av-equal-height-column av-align-top av-zero-column-padding first  " style='border-radius:0px; '></div></div><!--close column table wrapper. Autoclose: 1 -->
<div class='flex_column_table av-equal-height-column-flextable -flextable' style='margin-top:0px; margin-bottom:30px; '><div class='av-flex-placeholder'></div><div class="flex_column av_four_fifth  flex_column_table_cell av-equal-height-column av-align-top av-zero-column-padding   " style='border-radius:0px; '><div style='padding-bottom:10px; font-size:32px;' class='av-special-heading av-special-heading-h3  blockquote modern-quote  av-inherit-size '><div class ='av-subheading av-subheading_above  ' style='font-size:15px;'><p>Initiativen</p>
</div><h3 class='av-special-heading-tag '  itemprop="headline"  >Ausstellungseröffnung und Gesprächsreihe</h3><div class='special-heading-border'><div class='special-heading-inner-border' ></div></div></div></div></div><!--close column table wrapper. Autoclose: 1 -->
<div class="flex_column av_one_fifth  flex_column_div av-zero-column-padding first  " style='border-radius:0px; '></div>
<div class="flex_column av_two_fifth  flex_column_div av-zero-column-padding   " style='border-radius:0px; '><section class="av_textblock_section "  itemscope="itemscope" itemtype="https://schema.org/CreativeWork" ><div class='avia_textblock  '   itemprop="text" ><h4>Die syrische Tragödie – Zerstörung einer Weltkultur</h4>
<p>Der Verein organisierte im November und Dezember 2016 eine Gesprächsreihe und Ausstellungseröffnung in Kooperation mit dem Stadtarchiv Stuttgart und ifa (Institut für Auslandsbeziehungen) und freundlicher Unterstützung durch die BW-Bank.</p>
<h4>Drei Diskussionsrunden zu Syrien und Aleppo</h4>
<p>Im Rahmen der Ausstellungseröffnung fand die erste Podiumsdiskussion am Mittwoch, den 23.11.2016, 19.00 Uhr, im Stadtarchiv Stuttgart, im Bellingweg 21 statt.<br />
Der Abend begann mit Begrüßungsreden anlässlich der Eröffnung der Ausstellung.<br />
Es schloss sich eine Podiumsdiskussion zu dem Thema &#8222;Das Aleppo Archiv – Wie wichtig ist Erinnern?&#8220; an. Gäste auf dem Podium waren Prof. Dr. Mamoun Fansa (Archäologe und ehemaliger Direktor des Landesmuseums für Natur und Mensch in Oldenburg) und Nihad Sirees (syrischer Schriftsteller). Moderiert wurde die Diskussionsrunde von Jörg Armbruster.</p>
</div></section></div>
<div class="flex_column av_two_fifth  flex_column_div av-zero-column-padding   " style='border-radius:0px; '><section class="av_textblock_section "  itemscope="itemscope" itemtype="https://schema.org/CreativeWork" ><div class='avia_textblock  '   itemprop="text" ><p>Am Donnerstag, den 01.12.2016, 19.00 Uhr, fand im Institut für Auslandsbeziehungen am Stuttgarter Charlottenplatz die nächste Podiumsdiskussion statt.<br />
Unter dem Titel &#8222;Syrien verstehen – Zur Zukunft einer Region&#8220; diskutierten Daniel Gerlach (Journalist und Chefredakteur des Magazins zenith) und Dr. Sadiq Al-Mousllie (Syrischer Nationalrat). Die Moderation übernahm wiederum Jörg Armbruster.</p>
<p>Am Mittwoch, den 07.12.2016 19.00 Uhr, fand im Stadtarchiv Stuttgart die dritte Podiumsdiskussion statt.<br />
Dieses wurde das Thema &#8222;Der Wiederaufbau Europas nach 1945 – ein Modell für Aleppo?&#8220; diskutiert. An diesem Abend diskutierten Jörn Düwel (Professor für Geschichte und Theorie der Architektur an der HafenCity Universität Hamburg) und Stefano Bianca (Architekt mit langjähriger Erfahrung in Stadterhaltung, -erneuerung in der Islamischen Welt), moderiert von Jörg Armbruster.</p>
<p>Der Verein bedankt sich recht herzlich bei allen Kooperationspartnern, Gästen und Publikum für die gelungenen Abende.</p>
</div></section></div>
<div class="flex_column av_one_fifth  flex_column_div av-zero-column-padding first  " style='border-radius:0px; '></div>
<div class="flex_column av_four_fifth  flex_column_div av-zero-column-padding   " style='border-radius:0px; '><div  data-size='no scaling'  data-lightbox_size='large'  data-animation='slide'  data-conditional_play=''  data-ids='440,439,438,437'  data-video_counter='0'  data-autoplay='true'  data-bg_slider='false'  data-slide_height=''  data-handle='av_slideshow'  data-interval='5'  data-class=' '  data-css_id=''  data-scroll_down=''  data-control_layout='av-control-default'  data-custom_markup=''  data-perma_caption=''  data-autoplay_stopper=''  data-image_attachment=''  data-min_height='0px'  class='avia-slideshow avia-slideshow-2  av-control-default av-default-height-applied avia-slideshow-no scaling av_slideshow   avia-slide-slider '  itemprop="ImageObject" itemscope="itemscope" itemtype="https://schema.org/ImageObject" ><ul class='avia-slideshow-inner ' style='padding-bottom: 75%;' ><li  class=' slide-1 ' ><div data-rel='slideshow-2' class='avia-slide-wrap '   ><img src='http://www.aleppofreunde.de/wp-content/uploads/2018/06/Veranstaltung_DSC_0626.jpg' width='1000' height='750' title='Veranstaltung_DSC_0626' alt=''  itemprop="thumbnailUrl"   /></div></li><li  class=' slide-2 ' ><div data-rel='slideshow-2' class='avia-slide-wrap '   ><img src='http://www.aleppofreunde.de/wp-content/uploads/2018/06/Veranstaltung_DSC_0616.jpg' width='1000' height='750' title='Veranstaltung_DSC_0616' alt=''  itemprop="thumbnailUrl"   /></div></li><li  class=' slide-3 ' ><div data-rel='slideshow-2' class='avia-slide-wrap '   ><img src='http://www.aleppofreunde.de/wp-content/uploads/2018/06/Veranstaltung_DSC_0612.jpg' width='1000' height='750' title='Veranstaltung_DSC_0612' alt=''  itemprop="thumbnailUrl"   /></div></li><li  class=' slide-4 ' ><div data-rel='slideshow-2' class='avia-slide-wrap '   ><img src='http://www.aleppofreunde.de/wp-content/uploads/2018/06/Veranstaltung_DSC_0587.jpg' width='1000' height='750' title='Veranstaltung_DSC_0587' alt=''  itemprop="thumbnailUrl"   /></div></li></ul><div class='avia-slideshow-arrows avia-slideshow-controls'><a href='#prev' class='prev-slide' aria-hidden='true' data-av_icon='' data-av_iconfont='entypo-fontello'>Zurück</a><a href='#next' class='next-slide' aria-hidden='true' data-av_icon='' data-av_iconfont='entypo-fontello'>Weiter</a></div><div class='avia-slideshow-dots avia-slideshow-controls'><a href='#1' class='goto-slide active' >1</a><a href='#2' class='goto-slide ' >2</a><a href='#3' class='goto-slide ' >3</a><a href='#4' class='goto-slide ' >4</a></div></div></div>
